 What is a(9)?
14
Suppose -2*m = -18 - 0. Let g(d) = 2*d + m*d - 17*d + 8*d + d**2 - 7. Let q(i) = -i**2 - 2*i + 3. Let z be q(-4). Determine g(z).
8
Suppose -3*b - 3*j = 0, -2*b - 3*j - 10 = -6*j. Let a(n) = -126 - n**3 + 4*n - n**2 + 64 + 65. Calculate a(b).
-1
Let i be -6*(-1)/2*-2. Let z(p) = 5*p**3 + 3*p**2 - 6*p + 7. Let f(y) = -4*y**3 - 3*y**2 + 5*y - 6. Let j(u) = i*f(u) - 5*z(u). Determine j(2).
5
Suppose 110 = -5*x - 25. Let s = x + 45. Let i(h) = -5 + 17*h - s*h - 1. Calculate i(-5).
-1
Let h(u) be the third derivative of -1/4*u**4 + 0*u + 18*u**2 - 1/12*u**5 - 1/120*u**6 + 0 - 1/2*u**3. Determine h(-4).
5
Let u(n) be the third derivative of n**7/140 - n**6/360 - n**5/120 + 35*n**3/6 - 30*n**2. Let h(q) be the first derivative of u(q). Calculate h(-1).
-6
Let r(l) = l - 9. Let q = -1193 + 1209. Give r(q).
7
Let t(f) = -f**2 - 5*f + 11. Let j = -426 - -426. Calculate t(j).
11
Let v(y) be the second derivative of -y**4/12 + 5*y**3/6 + 7*y**2/2 + 22*y - 2. Calculate v(6).
1
Let k(g) = 2*g**3 + 12*g**2 + 9*g - 7. Let v be k(-5). Let m(p) = -9*p - 5. Determine m(v).
13
Let q(s) be the third derivative of -s**5/15 + s**4/6 + s**3/6 + 16*s**2. Let p(t) = -t**2 + t. Let v(f) = -3*p(f) + q(f). Give v(2).
-1
Let d(m) = -7*m**3 + 8*m + m**3 - 4*m**3 - 1 - m**3 - 7*m**2. Let p(h) = 10*h**3 + 6*h**2 - 7*h + 1. Let u(y) = 6*d(y) + 7*p(y). Determine u(1).
4
Let b(h) = -h**2 + 14*h + 4. Suppose 3*c - 52 = -4*d - 19, -33 = -3*c - d. Give b(c).
37
Let z(d) = -293*d**2 - 1 - 284*d**2 + 565*d**2 - d**3 - 21*d. What is z(-10)?
9
Let b(q) = 3*q**2 + 7*q + 5. Let l(m) = m**2 + m + 3. Let v(w) = -b(w) + 4*l(w). Give v(6).
25
Let f = -4 - -2. Let w be (-33)/7 - f/(-7). Let i(z) = 5*z**2 - 2*z + 1. Let a(t) = 12*t**2 - 4*t + 1. Let k(h) = 3*a(h) - 7*i(h). Give k(w).
11
Let j = 2 - -2. Let a = 30 - 12. Suppose 2*m - 4*r - a = 0, -4*m - j = -3*r - 20. Let o(c) = c**3 - 1. What is o(m)?
0
Let l(a) = a**3 + 4*a**2 - 5*a + 1. Let y be l(-5). Let w be (4/6)/(10/120). Let n(d) = d + w*d**3 + d**2 - 2*d - 6*d + 6*d. Calculate n(y).
8
Let g be (-5)/(10/(-3))*2. Let d(u) = -2 + 5*u**2 + 0*u**g - 7*u + 0*u**2 + u**3. Calculate d(-6).
4
Let n(i) be the third derivative of -i**7/840 + i**6/72 - i**5/40 - i**4/8 - 5*i**3/6 + 6*i**2. Let s(l) be the first derivative of n(l). What is s(4)?
1
Let i(w) = -20*w**2 - w - 1. Let t be i(-1). Let f = 23 + t. Let b(p) = -4*p**2 + 0*p - 6*p - 2 - p**f + 6*p. Calculate b(-4).
-2
Let k(f) = 2 + 43*f - 3*f**3 - 37*f - 4*f**2 + 2*f**3 + 0*f**2. Suppose 0 = 5*l - 2*r - 0 + 29, -4*l - 2*r = 16. What is k(l)?
-3
Let s(f) = -2*f - 3. Suppose 0 = -3*v - 2 + 5. Let t be (-176)/(-32)*6*v. Suppose 5*k + o - t = 0, 3*o = 2*k - 0*o - 3. Give s(k).
-15
Let h(r) = 12*r - 64 - 24*r + 76 + r**2. Give h(9).
-15
Suppose -5*k - 40 = -4*d, 4*d - 12 = 3*k + 12. Let a(g) be the second derivative of -g**3/6 - 7*g**2/2 + 21*g. Determine a(k).
1
Let g(z) = -2*z**2 + z. Let d(b) = 5*b**2 + 4*b + 5. Let l(c) = d(c) + 2*g(c). Let o be (-52)/14 + 8/(-28). Give l(o).
-3
Let f(u) = 7*u**3 - 13*u**2 + 6*u - 24. Let s(t) = 22*t**3 - 40*t**2 + 18*t - 75. Let g(k) = -19*f(k) + 6*s(k). Determine g(7).
-36
Let o(d) = -d**2 + 2*d - 1. Suppose 0 = -3*t - 5*v - 81, t + 0*t + 3*v + 31 = 0. Let b be (-92)/t - (-2)/(-11). Calculate o(b).
-9
Let t(l) = -l**2 + l**3 - 2*l + 0*l**3 + 0*l. Suppose 11*c = 58 - 25. What is t(c)?
12
Let o be 0 + 86/(-18) + (-16)/72. Let v be ((-189)/39 - o) + (-74)/(-26). Let p(x) = 5*x + 6. Let s(g) = 11*g + 13. Let d(f) = 5*p(f) - 2*s(f). Determine d(v).
13
Let b(o) be the third derivative of -1/120*o**5 + 0*o - 2*o**2 - 1/720*o**6 + 0 + 0*o**3 + 1/8*o**4. Let c(h) be the second derivative of b(h). Give c(5).
-6
Let w(j) = -62*j - j**2 + 3*j**2 + 56*j + 0*j**2 - 10. Give w(5).
10
Let x(z) = -3*z**2 - 3*z + 5. Let q(b) = -4*b**2 - 4*b + 5. Let s(u) = -2*q(u) + 3*x(u). Let n(a) = -a**2 - a + 6. Let y(h) = -3*n(h) + 4*s(h). Calculate y(2).
-4
Let t(y) = -2*y + 2. Suppose -5 = 5*k, -3*b + k - 20 = 6*k. What is t(b)?
12
Suppose -2*a + 3*t + t = -30, 0 = -5*a + 3*t + 40. Suppose -5*y = -5*r + 10, -r = 2*y - 4*y - 4. Let z(g) = -7 + 2 + g + r*g. Calculate z(a).
0
Let c be 0*(3/6)/(-1). Let f = -2 + 7. Let k(g) = -1 - g**3 - 6 + c + f. What is k(2)?
-10
Let l be (-23)/138 + (-2)/(-12). Let o(w) = w**2 - 30. Calculate o(l).
-30
Let j be -122*4/8 + (-5 - -1). Let d = j - -67. Let o(q) = q**2 - 5*q + 1. Give o(d).
-5
Let v(q) = -3*q - 30. Let c be v(-11). Suppose 4*b - 10 = -3*t, -c*b + 5 - 1 = 4*t. Let u(d) = -d**3 - 2*d**2 - 2. Determine u(t).
-2
Let i be 6/(-2) + (-11 - -9). Let s(f) = -f - 1. Let n(u) = 3*u + 7. Let d(j) = -n(j) - 6*s(j). What is d(i)?
-16
Let w = -15 - -17. Suppose -x + w = -3*x. Let f(c) = 17*c**3 - 5*c**3 + 1 + 0. What is f(x)?
-11
Let a be -3 + (-2)/((-2)/265). Let f(l) = 5*l**2 + a*l**3 - 261*l**3 - 3*l + 2*l. Let u be (0 - 0) + 0 + -5. What is f(u)?
5
Let j be 22/6 + 112/(-24) + 5. Suppose 4*t - j = 2*t. Let i(y) = -2*y**2 + 3*y. Determine i(t).
-2
Let z(u) be the second derivative of -u**8/6720 + u**7/420 + 7*u**6/720 + u**5/60 - 19*u**4/6 - u + 30. Let a(b) be the third derivative of z(b). What is a(7)?
2
Let l(g) = 6*g - 17. Let k(a) = -2*a + 5. Let b = 15 + -26. Let t(x) = b*k(x) - 4*l(x). What is t(9)?
-5
Let o(n) be the second derivative of n**4/12 + 5*n**3/2 + 2*n**2 - 2*n - 20. What is o(-14)?
-10
Let m(d) = d**2 + d + 1. Let s(u) = 5*u**2 + 4*u + 5. Let p(t) = 9*m(t) - 2*s(t). Suppose 4*j - 16 = -4, -2*g = 4*j - 18. What is p(g)?
-7
Let w(q) = -2*q**2 + 2*q - 1. Let p(s) = -s**3 + 6*s**2 + 17*s + 5. Let m be p(8). Suppose 7 = 10*h - m. Calculate w(h).
-5
Let j(w) = -w**3 + 5*w**2 - 2*w - 4. Suppose -4*k - 2*u + 6 = -0*k, 0 = -5*k - 5*u. Determine j(k).
8
Let t(b) = b**3 + 19*b**2 - 6*b - 120. Let p be t(-19). Let y(r) = r + 7. Calculate y(p).
1
Let m(w) = -22*w - 108. Let f be m(-5). Let t(h) = 2*h**3 - 3*h**2 + 2*h - 3. Calculate t(f).
5
Let l(d) = 0*d + 4*d + 8 - 3*d. Let v = -191 + 191. Give l(v).
8
Suppose -3*y = d - 23 - 4, 3*d + 39 = 3*y. Let n(g) = g - 3. Determine n(y).
7
Let g(x) = -3*x**2 + 2*x - 1. Let m = -4 + -19. Let b = m - -25. Suppose 1 = -b*f + 3. Calculate g(f).
-2
Let n be 0 + 1 + -2 + 3. Let c be 1 + (-1 - 2/n). Let w(s) = 28*s**2 - 17. Let h(d) = 5*d**2 - 3. Let l(m) = -34*h(m) + 6*w(m). Give l(c).
-2
Suppose 10 = 5*g - 7*g. Let v(a) be the third derivative of a**5/60 + a**4/6 - a**3/6 + 3*a**2. Determine v(g).
4
Let h(k) = -3*k**2 - 1. Let f(t) = -2 + 0*t - 2*t + 6*t**2 + t**2 + 4. Let m(u) = -2*f(u) - 5*h(u). What is m(-7)?
22
Let i(l) = -2*l**3 + 12*l**2 - 5*l - 5. Let s be i(5). Let d = s - 20. Let r(z) = -z**3 + z**2 + z + 7. Calculate r(d).
7
Let c(w) = w + 4. Let d be c(-2). Let t(u) = 4*u + 3. Let h(k) = -1. Suppose 2*y + 105 = 23*y. Let q(m) = y*h(m) + t(m). Determine q(d).
6
Suppose -3*s + s = -3*b + 12, -4*s - 24 = -3*b. Let g be 1*(s*1 + 0). Let t(q) be the first derivative of -q**3/3 - 4*q**2 - 3*q - 3. Determine t(g).
9
Let d(l) = 10*l. Suppose 0 = 2*c, c - 87 + 13 = -2*j. Let u = 38 - j. Calculate d(u).
10
Let i(o) be the first derivative of 1/4*o**4 + 1 + 1/3*o**3 + 3*o + o**2. Let v = 4 + -6. Calculate i(v).
-5
Let j(s) = s**3 - s**2 + s + 4. Let k = -94 - -144. Suppose 5*o - k = -5*m + 4*o, -o = -5*m + 60. Let y = -11 + m. Calculate j(y).
4
Let n(t) = t**2 - 2*t + 3. Suppose -3*q + 4*l - l + 3 = 0, 2*l - 1 = q. Suppose -12 = 6*f - q*f. Determine n(f).
27
Suppose 19*f - 24 + 62 = 0. Let h(v) = 0*v + v - 5*v - 3 + v**2. Let x(s) = s**2 - 3*s - 2. Let q(y) = -5*h(y) + 6*x(y). Determine q(f).
3
Let r(t) be the first derivative of -t**4 + 5*t**2/2 + 6*t - 9. Let c(x) = 2*x**3 - 7 + 4*x**3 + 76*x - 82*x - x**3. Let w(g) = 5*c(g) + 6*r(g). What is w(-2)?
-7
Suppose -2 = -11*o + 20. Let a(m) = 14*m**2 + 1. Give a(o).
57
Let l(j) = -j**3 - 58*j**2 - 58*j - 57. Let t be l(-57). Suppose -5*r + 5 = -10. Let x(v) = r*v + v**2 - 3*v + 3. Give x(t).
3
Let f(v) = -17*v + 11. Let u(l) = 20*l - 13. Let c(b) = 6*f(b) + 5*u(b). Calculate c(10).
-19
Let g be (4/16)/((-24)/576). Let r(h) = 2*h + 12. Let q(b) = -3*b - 18. Let k(w) = -5*q(w) - 7*r(w). Determine k(g).
0
Let t = -56 + 94. Let l = t - 43. Let n(r) = -r**2 - 7*r - 3. Give n(l).
7
Let z(l) = -l**3 + 3*l**2 + 5*l - 6. Suppose -2*m = -w - 2, -